is divided by (-10)/r*1*33?
47
Suppose 2*b + 5*c - 142 = 0, 130*b - 135*b - 3*c + 355 = 0. Calculate the remainder when 917 is divided by b.
65
Suppose -3*c - 17*k = -12*k + 5, -5*c - 3*k + 13 = 0. Suppose -5*n - 4*h + 443 = 0, 108 + 180 = 3*n - c*h. What is the remainder when n is divided by 33?
25
Suppose j + m - 961 = 0, 0 = j - 3*m - 283 - 682. Calculate the remainder when j is divided by 39.
26
Let c be (112/10 - 2)*(-393 + 388). Let b = 83 + 4. Let r = b + c. What is the remainder when 326 is divided by r?
39
Let d = -172 - -107. Let b = d - -110. Suppose 3*r = 3*m + 33, -4*m = 5*r - 0*m - 64. What is the remainder when b is divided by r?
9
Let x = -38 - -53. Let t be (-2 - x/(-9))*-114. Let b = t - 18. What is the remainder when b is divided by 12?
8
Let j(g) = 3*g**2 + 78*g + 4240. What is the remainder when j(-36) is divided by 34?
16
Let k = -360 + 529. Let v = k + -71. Let j = 134 - v. What is the remainder when j is divided by 21?
15
Let g be 2*66 + 16/(-8). Suppose 5*i = -5*p + i + 7, i + 2 = 0. Suppose p*b - g = -2*b. Calculate the remainder when 100 is divided by b.
22
Suppose 2*p = -2*x + 24, 141 = -x + 4*p + 148. Calculate the remainder when 297 is divided by x.
0
Let g(a) be the second derivative of 5*a**4/6 - a**3/6 + 2*a**2 - 37*a. What is the remainder when g(5) is divided by 21?
18
Let o(i) = 950 - 472 + i**2 - 456 - 23*i. Let w = -92 - -156. Calculate the remainder when w is divided by o(23).
20
Let j = 86 - 83. Suppose 2*f + 7 - 30 = -j*n, f + n - 14 = 0. Calculate the remainder when f is divided by 15.
4
Suppose 0 = 7*r - 499 - 873. Let n = 230 - r. Calculate the remainder when 305 is divided by n.
33
Let p(g) = g**3 + 14*g**2 + 15*g + 44. Calculate the remainder when p(-9) is divided by 12.
2
Let f(j) = j**2 + 4*j + 6. Let g(a) be the second derivative of a**4/6 + 5*a**3 + 149*a**2/2 - 5*a - 1. What is the remainder when g(-9) is divided by f(-4)?
5
Let q = -7412 + 7922. Calculate the remainder when q is divided by 73.
72
Let w be (-150)/(-9) + -4 - (-4)/12. Suppose -w*y = -8*y + 2150. Let p = y - -686. Calculate the remainder when p is divided by 65.
61
Let v = 20722 + -20633. Calculate the remainder when v is divided by 87.
2
Let x = -92 + 238. Let t = -125 + x. What is the remainder when t is divided by 7?
0
Suppose -75 = -19*o - 18. Suppose -2*f + o*v = -7*f + 153, 5 = 5*v. Calculate the remainder when 78 is divided by f.
18
Let r(o) = -9*o**3 + 2*o**2 - 3*o - 4. Let s be r(-1). Let v(u) = -u**3 + 10*u**2 + 11*u - 27. Calculate the remainder when v(s) is divided by 12.
11
Let n = -5247 - -5287. Calculate the remainder when 722 is divided by n.
2
Calculate the remainder when (-36104)/(-244) - 108/(-3294) is divided by 28.
8
Suppose 186*f = 9372 + 80466. Calculate the remainder when f is divided by 38.
27
Let f = 84581 + -84504. Suppose -3*y = 2*m - 84, 0*m - 5*m + 2*y = -229. What is the remainder when f is divided by m?
32
Let z = -1255 - -1780. Let w = z - 142. Suppose q + 0*q = -4*l + 298, -5*l + w = -4*q. Calculate the remainder when l is divided by 39.
36
Let s be 27778/989 - 2/23. Suppose s*m - 1127 = 861. What is the remainder when 138 is divided by m?
67
Suppose v - 2 = 2*q - 10, 0 = 4*v - 2*q + 8. Let w be 44/(-176) - (1/(-4) + v). Suppose 34 = b - w. Calculate the remainder when 65 is divided by b.
31
Suppose 0 = 51*j + 28*j - 8216. What is the remainder when 1131 is divided by j?
91
Suppose -1051*u = -u - 96600. Suppose 78 = 3*m + 4*w - 172, -4*m + w = -365. Let k = m - 58. What is the remainder when u is divided by k?
28
Suppose 25*p = -3*z + 19*p + 2280, 3016 = 4*z + 4*p. What is the remainder when z is divided by 75?
73
Suppose 67 = 639*n - 637*n + b, -3*n + 2*b + 118 = 0. What is the remainder when 109 is divided by n?
1
Let m = -24098 - -24473. Calculate the remainder when m is divided by 96.
87
What is the remainder when 545 is divided by 302/7 + (-27 - 4324/(-161))?
29
Let b(n) = -n**3 + 4*n**2 + 3*n - 6. Let k be b(4). Suppose k*w - 215 = w. Calculate the remainder when w is divided by 3*9 - ((-5540)/(-2216))/((-2)/(-4)).
21
Suppose -4*x - 5*a + 3251 = 0, 13*x - 11*x - a = 1615. Calculate the remainder when x is divided by 200.
9
Suppose -804*a = -807*a + 3102. What is the remainder when a is divided by 103?
4
Let m(g) = 28*g + 736. What is the remainder when 646 is divided by m(-25)?
34
Suppose 4*i + 4*p = 1100, 2333 - 118 = 8*i + 5*p. What is the remainder when 880 is divided by i?
40
Let z = -66 + 72. Let x be (38/z - 8/(-12))*43. Let s = x - 178. What is the remainder when s is divided by 18?
15
Let u(i) = 19*i**2 - 5*i**3 - 4*i**3 + 13 - 26*i**2 - i + 7*i**3. Calculate the remainder when u(-4) is divided by 12.
9
Calculate the remainder when 116 + (0 - -1)/(9/(-27)) is divided by 33.
14
Suppose 4*a + 5*y - 42 = 2, -2*y = 4*a - 32. Suppose -117*j = -414 - 319 - 4766. What is the remainder when j is divided by -1*6*(-16)/a?
15
Suppose 34 = -912336*n + 912338*n. What is the remainder when 1006/10 - (-2)/5 is divided by n?
16
Let c(m) = -211*m + 2413. What is the remainder when 309 is divided by c(11)?
33
Suppose 285 = -5*w + u + 1423, -4*w = -u - 910. What is the remainder when w/2 + (-1 - 8) + 6 is divided by 3?
0
Let n = 71 - -52. Let t = -22 + 64. Calculate the remainder when n is divided by t.
39
Let d(f) = -80*f - 12. Let a(o) = -27*o - 4. Let h(y) = -17*a(y) + 6*d(y). Let r be h(-3). Let m = -56 + r. What is the remainder when 9 is divided by m?
0
Let f = 34099 + -32766. Calculate the remainder when f is divided by 439.
16
Let o = 331 + -319. Suppose o = 9*s - 618. What is the remainder when s is divided by 20?
10
Let k = 27880 + -27395. What is the remainder when k is divided by 230?
25
Let o(b) = 2*b**3 - 4*b**2 - b + 5. Let l be o(3). Suppose -l*t = 71 - 191. What is the remainder when 1/(92/(-96) + 1) is divided by t?
0
Suppose 0 = 5*p + 5*n - 2060, 83*n - 80*n + 2116 = 5*p. What is the remainder when p is divided by 112?
83
Suppose 3*u + x = 1026 + 1102, 4*u - 2841 = -5*x. Calculate the remainder when 2142 is divided by u.
15
Suppose -14*o + 30*o = -64. Calculate the remainder when (-6 + 14)/16 - 210/o is divided by 6/(-4)*-4 + 2.
5
What is the remainder when 450 is divided by 340/8 - -5 - (-9)/18?
18
Let r = -11 + 15. Suppose -2*m = m + 3, -r*m = -t + 6. Suppose o - 5*o = t*z - 76, 0 = z. What is the remainder when 50 is divided by o?
12
Suppose -2*g - 2*t - 76 = -3*g, 0 = -t - 5. Let a = g - 59. What is the remainder when 125 is divided by a?
6
Let d(m) = 234*m - 5097. Calculate the remainder when d(26) is divided by 15.
12
Let u be ((-2987)/(-203))/(1/7). Suppose 177 = 20*k - u. Calculate the remainder when 530 is divided by k.
12
Let m = 58 + -56. Let l be ((-1)/m*15)/(6/(-40)). Suppose -6*a = -a - l. Calculate the remainder when a is divided by 9.
1
Let g be 574/8 + 1/4. Let b be 1/63*927 + (-4)/(-14). Calculate the remainder when (b/8*2)/(3/g) is divided by 13.
12
Let n(h) = 12*h**2 - 33*h + 207. Calculate the remainder when n(8) is divided by 120.
111
Let p(f) = -f. Let s(i) = 3*i + 105. Let u = 96 - 95. Let l(h) = u*p(h) + s(h). What is the remainder when l(0) is divided by 37?
31
Suppose -4*t + 4*b + 5245 = 3345, 2*t + 3*b = 975. What is the remainder when t is divided by 129?
93
Let x(l) = 465*l**3 + 20*l**2 - 20*l + 2. Calculate the remainder when 1877 is divided by x(1).
9
Let f = -920 + 1029. What is the remainder when 4141 is divided by f?
108
Let c be -1 + 0 - 32/2. Let g(y) = -29*y - 11. Let s(j) = -24*j - 10. Let u(i) = 5*g(i) - 6*s(i). Calculate the remainder when u(c) is divided by 8.
6
Suppose -628 = -61*l + 57*l. Let b = l - 24. Calculate the remainder when b is divided by 27.
25
Suppose 20*r - 189 = 17*r - 0*r. What is the remainder when 617 is divided by r?
50
Let m be -3*141/27*-3. Suppose 2*h + 2*x = m + 65, x = 3*h - 152. What is the remainder when 154 is divided by h?
50
Suppose 18*u = 11*u + 105. Let z = 44 + u. Calculate the remainder when z is divided by 39.
20
Let g(j) = -8*j + 2. Let k be g(-8). Suppose 87*y = 89*y - k. What is the remainder when 177 is divided by y?
12
What is the remainder when 620 - 26/(24/12) is divided by 61?
58
Suppose 5*a + 2*u = 178 + 610, -3*u - 768 = -5*a. Suppose -5*n - 3*f = -94, -4*n = -3*n - 3*f - 26. What is the rem